
10
Let g(d) be the first derivative of d**7/840 - d**6/45 + d**5/24 + 3*d**4/8 + 2*d**3/3 + 19*d**2 + 28. Let q(p) be the third derivative of g(p). Calculate q(7).
-5
Let t(w) = w**2 - 8*w + 3. Let z = -61 - -68. Give t(z).
-4
Let r(v) = -v**2 - 13*v + 2. Suppose 13*s = 2813 - 2982. What is r(s)?
2
Let v(s) = 13*s**2 + 3*s + 12. Let y(n) = -56*n**2 - 11*n - 50. Let t(p) = -13*v(p) - 3*y(p). Let m be (-1 - 6) + (0 - -2). Give t(m).
-1
Let w(g) = 7*g**2 + 56*g + 50. Let l be w(-7). Let u(c) = -5*c**2 - 1. What is u(l)?
-6
Let g(q) = 9*q**2 - q**3 + 35*q + 12 - 5*q - 3*q - 12*q - 6*q. Determine g(10).
2
Let g(n) = -n**3 + 4*n**2 + 58*n - 268. Let d be g(5). Let i(r) = -r**3 - 3*r**2 - 3*r - 4. Determine i(d).
5
Let g = -70 - -74. Let y(b) = 3*b - 2. Let v(o) = 7. Let t(c) = -c - 8. Let s(u) = -4*t(u) - 5*v(u). Let f(d) = -4*s(d) + 5*y(d). Determine f(g).
-2
Let q be (-3 + 10/8)*(-13 - -17). Let k(y) = -y**2 - 4*y + 6. Determine k(q).
-15
Let o(w) be the third derivative of -w**6/120 + 3*w**5/20 - w**3/3 + 88*w**2. What is o(9)?
-2
Let k(z) be the first derivative of z**3/3 - z**2 + z - 1. Let h(v) = v**2 - 10*v - 16. Let c be h(12). Let d(a) = -2*a + 17. Let j be d(c). What is k(j)?
0
Let u(g) = -17*g + 9*g + 9*g + 1. Give u(0).
1
Let c(b) = -b**3 + 4*b**2 - 2*b. Let h be c(3). Suppose -h*y - 4*u = -17, u = 3*y - 10 + 3. Let p(a) = -y - 3 + 0 + a**3 - 4*a**2 - 2*a. Calculate p(5).
9
Let d(b) = 8*b - 1. Let g(r) = -2*r**2 + 11*r - 10. Let k be g(3). Give d(k).
39
Let f(d) = -d**3 + 5*d**2 - 4*d - 1. Let k be -1*20*(-18)/15. Suppose 80 = -k*h + 29*h. Suppose 3*p - 12 = -4*b - 0*b, h = 4*p + 4*b. Give f(p).
-1
Let k = -3 - -6. Suppose 4*w + 18 = -2*b, 3*b - 20 = 5*w - k. Let n(o) be the second derivative of -o**4/12 - o**3/3 + 5*o**2/2 - 132*o. Determine n(w).
-3
Suppose 0 = -5*i - 3 - 12. Let p(y) = -y - 1. Let o(k) = -10*k + 2. Let v(m) = i*p(m) - o(m). Determine v(-1).
-12
Let w = -20 - -33. Let v = w - 11. Let s(c) = 2 - 5 + 3*c**2 + 2 + 2*c - c**3. What is s(v)?
7
Let c(l) = l + 9. Let w(j) = 1. Let v(t) = -4*c(t) + 36*w(t). Let h(f) = 3*f - 1. Let x(s) = -3*h(s) - 2*v(s). Give x(0).
3
Let k be ((-17)/51)/(2/42). Let l(z) be the first derivative of z**3/3 + 7*z**2/2 + 6*z + 7. Calculate l(k).
6
Let z(t) = -3*t - 15. Let u be z(8). Let r = 45 + u. Let w(y) = -y**2 + 8*y - 8. Determine w(r).
4
Let l = 706 + -709. Let v(t) = 8*t - 2. What is v(l)?
-26
Let l(w) be the second derivative of -5/6*w**3 - 3/2*w**2 - 1/20*w**5 - 19*w + 0 - 1/2*w**4. Give l(-5).
-3
Let p(a) = -3*a**2 - 3*a**2 - 5*a - a**2 + 6*a**2 - 6. Let j be p(-2). Let b(d) = -d**3 + d + 2. What is b(j)?
2
Let l(q) be the first derivative of q**7/840 - q**6/45 + 7*q**5/120 + 5*q**4/24 + 2*q**3 + 32. Let s(a) be the third derivative of l(a). Determine s(6).
-25
Let h = -28 - -25. Let y be -6 - (h - (3 + -4)). Let x(c) = c**2 + c - 5. Give x(y).
7
Let m(g) = -9*g**2 - 97*g + 9 - 66*g + 0 - g**3 + 155*g. Give m(-7).
-33
Let z(x) = -1. Let t(u) = -1 + 1 + 2*u + 3 - 3*u. Let r(l) = t(l) + 3*z(l). What is r(-2)?
2
Let p(b) be the second derivative of -b**5/20 + 7*b**4/12 - 4*b**3/3 + 5*b**2/2 - 3*b + 13. Determine p(6).
-7
Let x(z) be the third derivative of z**6/120 + z**5/60 - z**4/24 + z**3/6 - 177*z**2. Calculate x(1).
2
Let h(q) = q**2 + 6*q. Let u(d) = -d + 1. Let z be u(-5). Suppose -z*a + 0 = -18. Suppose -3*c - 3 - a = -4*r, 5*c + 4*r + 42 = 0. Determine h(c).
0
Let g = 9 - 6. Let n(m) be the second derivative of -m**4/12 + 5*m**3/6 - 3*m**2/2 + 39*m. Let d(i) = i. Let t(s) = -3*d(s) + n(s). Determine t(g).
-6
Let u(p) = -p**3 + 7*p**2 + 11*p - 19. Let t be u(8). Let d(c) = c**3 + 4*c**2 - 7. Let f(x) = -x**3 - 4*x**2 + 8. Let o(n) = t*d(n) + 4*f(n). Calculate o(-4).
-3
Let z(g) be the first derivative of -3 - 1/2*g**2 + 7*g. Give z(0).
7
Let u(y) = 6*y + y**2 + 32 - 12 - 8. Determine u(-9).
39
Suppose 7*a = -0*a - 154. Let b = -20 - a. Let q(c) = -3*c**2 + 2*c - 2. What is q(b)?
-10
Suppose -2*k = -15 - 13. Suppose -2*u + 0*q = -2*q + 14, k = -2*u + 5*q. Let j(w) = -w - 8. Let v(g) = -g - 8. Let d(n) = 3*j(n) - 4*v(n). What is d(u)?
1
Let q be -4 + (8 - 1) - -4. Let t = -9 + q. Let y(j) be the third derivative of -j**4/24 + j**3/6 - 6*j**2. Calculate y(t).
3
Let l(r) = -r**3 - 5*r**2 + 7*r - 3. Let w = 2935 + -2941. Give l(w).
-9
Suppose 2*r + 0 = 8. Let d(u) = -8 - 3*u**3 + 2*u**3 - 3*u + r*u**2 + 5. Let c = 5 + -2. Determine d(c).
-3
Suppose -j = 4*j - 110. Suppose -2*d - j = 4*s, -d - 4*s - 15 = -6*d. Let o(u) = 8*u + 1. What is o(d)?
-7
Let q be 2 - 0 - (20 + -21). Let g(k) = -4*k + q + 0*k + 6 - 3 - k**2. Calculate g(-6).
-6
Let l(s) be the third derivative of s**5/120 + 5*s**4/24 + 13*s**3/6 + 15*s**2. Let c(t) be the first derivative of l(t). Determine c(0).
5
Let k(m) = m**2 - m + 2. Let a(j) = 2*j**2 - j + 2. Let q(h) = 2*a(h) - 3*k(h). What is q(4)?
18
Let w(t) = -t**3 - t**2 + t - 9. Suppose q - 9 = -6. Let v be 2/q - (-21)/9. Let l be v/(-3) + 1 + 0. Calculate w(l).
-9
Let b(l) = 6*l - 1. Let f = -6 - -13. Let n be (-4 - (-104)/20)/(2/5). Suppose -4 + f = n*d. Calculate b(d).
5
Let i(l) = -2*l**3 + l**2 - 9*l + 10. Let f(g) = -9*g**3 + 6*g**2 - 36*g + 40. Let w(x) = -3*f(x) + 13*i(x). Calculate w(7).
45
Suppose -142 = -5*g + 53. Suppose 3*p + 3*n = g, -2*p + 35 = n + 4*n. Suppose -10*j = -15*j + p. Let q(s) = 4*s - 2. Give q(j).
6
Let w(s) = 3*s - 20. Let u = -14 + 23. Let c be w(u). Let a(g) = -5*g + 0 + c*g + 6. Calculate a(-5).
-4
Let k(v) = -v**3 - 2*v**2 + 5*v - 7. Let z(f) = -2*f**3 - 3*f**2 + 11*f - 14. Let i(o) = 5*k(o) - 2*z(o). Give i(-5).
3
Let f(l) = -l**3 + 3*l**2 + l - 3. Let n be f(3). Let c(w) = w**2 + w + 6. Let a be c(n). Let y(k) = 4 - 4*k + 3*k + 3. Calculate y(a).
1
Let u = -861 - -874. Let v(f) = f**2 - 14*f - 4. Give v(u).
-17
Let r(b) = -b**2 - b - 2. Let s(w) = w**2 + 6*w + 19. Let x be s(-13). Suppose -v + x = v. Let i be (-20)/11 - 10/v. Give r(i).
-4
Suppose 5*b + i = -51, 0 = -3*i - 31 + 28. Let x(y) = -2*y - 16. Give x(b).
4
Let n(u) = -3*u**3 + 2*u**2 + 13*u - 14. Let q be n(1). Let t(a) be the third derivative of -a**5/30 - a**4/8 + 2*a**2. What is t(q)?
-2
Let k(u) = 88*u**2 + 3*u - 87*u**2 - 1 + 0. Give k(-2).
-3
Let c(u) = -u**2 - 6*u - 1. Let q be c(-6). Let b(l) = 61*l**3 - 3*l + 2. Let h(d) = -30*d**3 + d - 1. Let i(j) = -b(j) - 2*h(j). Calculate i(q).
0
Let p(s) = s**3 - 8*s**2 + s - 9. Let o(m) = 3*m**2 - 16*m + 24. Let t be o(4). Give p(t).
-1
Let g(o) be the first derivative of -o**4/4 + 8*o**3/3 - 9*o**2/2 - 3*o + 2. Let m be -2 - (9/6 - 63/6). Calculate g(m).
-17
Let q(j) be the third derivative of -7*j**6/60 + j**4/12 - j**3/6 + 2*j**2. Let a be (6 - 93/(-3)) + (4 - 1). Let t = a + -39. Determine q(t).
-13
Let b = 73 - 68. Suppose 15 = 5*j, 27 = 4*h - 2*h + b*j. Let a(s) = s**3 - 5*s**2 - 6*s - 1. Calculate a(h).
-1
Let y(u) = 5*u**3 + u**2 - u + 1. Suppose 3*r = -3*j + 2*j + 7, 5*j + r = 105. Let n be j/55 + (-3)/(-5). What is y(n)?
6
Let w(d) = 5*d**3 - 8*d**2 + 10*d + 2. Let z(v) = -3*v**3 + 7*v**2 - 9*v - 2. Let f(y) = -2*w(y) - 3*z(y). Let j = 7 + -13. Determine f(j).
-4
Let d(v) = 3*v**2 - 10*v + 3. Let a(c) = 10*c**2 - 31*c + 8. Let j(u) = 2*a(u) - 7*d(u). What is j(8)?
-5
Let p(q) be the third derivative of 0*q**3 - 3*q**2 + 0 - 5/12*q**4 + 0*q. Let f(o) = o**2 - o - 1. Let g be f(-1). Give p(g).
-10
Let p(u) = -u**2 + 2. Suppose -4*g = 4*t, 0 = -g + 5*g + t - 6. Calculate p(g).
-2
Let y(b) = b**3 + b**2 + 6. Let g(s) = -s + 8. Let z be g(5). Suppose -l = -k - z, -2*l - 3*k - 9 = -0. Determine y(l).
6
Let g(o) be the first derivative of -o**7/840 - o**6/360 + o**4/24 - 32*o**3/3 - 6. Let a(v) be the third derivative of g(v). Calculate a(0).
1
Let u(l) = l**3 + l**2 - 8*l. Let g(d) = -2*d**3 - 3*d**2 + 15*d. Suppose 4*c + 4*x = -x - 17, -2*x + 7 = -3*c. Let w(r) = c*g(r) - 5*u(r). Calculate w(-5).
0
Let x(b) = 6*b - 2. Let g = -95 + 97. Give x(g).
10
Let k(z) = 7*z**3 - 22*z**2 - 21*z + 33. Let s(m) = 4*m**3 - 11*m**2 - 10*m + 17. Let a(l) = -3*k(l) + 5*s(l). Give a(12).
-2
Let q(v) = -v**2 + v + 6. Let n be (-5)/2*((-144)/(-15))/4. Calculate q(n).
-36
Let z(b) = 3*b + 4. Let s(l) = 22*l + 16. Let i be s(-1). Give z(i).
-14
Let t = 78 + 10. Let h = 87 - t. Let q(v) = -2*v + 4*v - v. Give q(h).
-1
Let k(w) = w**2 